{"id":68,"date":"2023-09-27T03:18:03","date_gmt":"2023-09-27T01:18:03","guid":{"rendered":"https:\/\/grupothera.com\/?page_id=68"},"modified":"2023-09-27T22:43:42","modified_gmt":"2023-09-27T20:43:42","slug":"servicios","status":"publish","type":"page","link":"https:\/\/grupothera.com\/index.php\/servicios\/","title":{"rendered":"Servicios"},"content":{"rendered":"<p>[et_pb_section fb_built=\u00bb1&#8243; theme_builder_area=\u00bbpost_content\u00bb _builder_version=\u00bb4.22.2&#8243; _module_preset=\u00bbdefault\u00bb title_text=\u00bbmetrologia laboratorio\u00bb background_image=\u00bbhttps:\/\/grupothera.com\/wp-content\/uploads\/2023\/09\/metrologia-laboratorio.jpg\u00bb hover_enabled=\u00bb0&#8243; sticky_enabled=\u00bb0&#8243; custom_padding=\u00bb180px||180px||true|false\u00bb][et_pb_row _builder_version=\u00bb4.22.2&#8243; _module_preset=\u00bbdefault\u00bb theme_builder_area=\u00bbpost_content\u00bb][et_pb_column _builder_version=\u00bb4.22.2&#8243; _module_preset=\u00bbdefault\u00bb type=\u00bb4_4&#8243; theme_builder_area=\u00bbpost_content\u00bb][et_pb_heading title=\u00bbServicios que ofrecemos\u00bb _builder_version=\u00bb4.22.2&#8243; _module_preset=\u00bbdefault\u00bb theme_builder_area=\u00bbpost_content\u00bb title_level=\u00bbh2&#8243; title_font=\u00bbAbel|700|||||||\u00bb title_text_align=\u00bbcenter\u00bb title_text_color=\u00bb#FFFFFF\u00bb hover_enabled=\u00bb0&#8243; sticky_enabled=\u00bb0&#8243; animation_style=\u00bbslide\u00bb][\/et_pb_heading][\/et_pb_column][\/et_pb_row][\/et_pb_section][et_pb_section fb_built=\u00bb1&#8243; theme_builder_area=\u00bbpost_content\u00bb _builder_version=\u00bb4.22.2&#8243; _module_preset=\u00bbdefault\u00bb custom_margin=\u00bb2px|||||\u00bb min_height=\u00bb214px\u00bb][et_pb_row _builder_version=\u00bb4.22.2&#8243; _module_preset=\u00bbdefault\u00bb theme_builder_area=\u00bbpost_content\u00bb column_structure=\u00bb1_3,1_3,1_3&#8243;][et_pb_column _builder_version=\u00bb4.22.2&#8243; _module_preset=\u00bbdefault\u00bb type=\u00bb1_3&#8243; theme_builder_area=\u00bbpost_content\u00bb][et_pb_blurb title=\u00bbLaboratorio Ambiental\u00bb image=\u00bbhttps:\/\/grupothera.com\/wp-content\/uploads\/2023\/09\/laboratorio-ambiental.jpg\u00bb _builder_version=\u00bb4.22.2&#8243; _module_preset=\u00bbdefault\u00bb theme_builder_area=\u00bbpost_content\u00bb title_text=\u00bblaboratorio ambiental\u00bb header_level=\u00bbh2&#8243; header_font=\u00bbAbel|700|||||||\u00bb hover_enabled=\u00bb0&#8243; sticky_enabled=\u00bb0&#8243; header_text_align=\u00bbcenter\u00bb]<\/p>\n<p>\u2022 An\u00e1lisis de emisiones a la atm\u00f3sfera<br \/>\u2022 An\u00e1lisis de agua residual<br \/>\u2022 An\u00e1lisis de ambiente laboral<\/p>\n<p>[\/et_pb_blurb][\/et_pb_column][et_pb_column _builder_version=\u00bb4.22.2&#8243; _module_preset=\u00bbdefault\u00bb type=\u00bb1_3&#8243; theme_builder_area=\u00bbpost_content\u00bb][et_pb_blurb title=\u00bbLaboratorio de calibraci\u00f3n y metrolog\u00eda \u00bb image=\u00bbhttps:\/\/grupothera.com\/wp-content\/uploads\/2023\/09\/lboratorio-metrologia-y-calibracion.jpg\u00bb _builder_version=\u00bb4.22.2&#8243; _module_preset=\u00bbdefault\u00bb theme_builder_area=\u00bbpost_content\u00bb hover_enabled=\u00bb0&#8243; sticky_enabled=\u00bb0&#8243; title_text=\u00bblboratorio metrologia y calibraci\u00f3n\u00bb header_level=\u00bbh2&#8243; header_font=\u00bbAbel|700|||||||\u00bb header_text_align=\u00bbcenter\u00bb]<\/p>\n<p>\u2022Calibraci\u00f3n de equipo de monitoreo emisiones vehiculares<br \/>\u2022Calibraci\u00f3n de equipos de monitoreo de calidad del aire<br \/>\u2022Calibraci\u00f3n de equipos de seguridad industrial<br \/>\u2022Monitoreo por \u00e1rea<br \/>\u2022Monitoreo personal<\/p>\n<p>[\/et_pb_blurb][\/et_pb_column][et_pb_column _builder_version=\u00bb4.22.2&#8243; _module_preset=\u00bbdefault\u00bb type=\u00bb1_3&#8243; theme_builder_area=\u00bbpost_content\u00bb][et_pb_blurb title=\u00bbEstudios de eficiencia energ\u00e9tica\u00bb image=\u00bbhttps:\/\/grupothera.com\/wp-content\/uploads\/2023\/09\/eficiencia-energetica.jpg\u00bb _builder_version=\u00bb4.22.2&#8243; _module_preset=\u00bbdefault\u00bb theme_builder_area=\u00bbpost_content\u00bb title_text=\u00bbeficiencia energetica\u00bb header_font=\u00bbAbel|700|||||||\u00bb header_level=\u00bbh2&#8243; header_text_align=\u00bbcenter\u00bb hover_enabled=\u00bb0&#8243; sticky_enabled=\u00bb0&#8243;]<\/p>\n<p>En Grupo Thera, entendemos la importancia de los estudios de eficiencia energ\u00e9tica para el desarrollo sostenible de tu industria. Nuestro equipo de expertos est\u00e1 comprometido en brindarte soluciones innovadoras y eficaces que optimicen el consumo de energ\u00eda en tus operaciones. Conf\u00eda en nosotros para realizar an\u00e1lisis exhaustivos, identificar \u00e1reas de mejora y proponer estrategias personalizadas que te permitan ahorrar costos y reducir tu huella ambiental.\u00a0<\/p>\n<p>[\/et_pb_blurb][\/et_pb_column][\/et_pb_row][et_pb_row _builder_version=\u00bb4.22.2&#8243; _module_preset=\u00bbdefault\u00bb theme_builder_area=\u00bbpost_content\u00bb column_structure=\u00bb1_3,1_3,1_3&#8243;][et_pb_column _builder_version=\u00bb4.22.2&#8243; _module_preset=\u00bbdefault\u00bb type=\u00bb1_3&#8243; theme_builder_area=\u00bbpost_content\u00bb][et_pb_blurb title=\u00bbUnidades de verificaci\u00f3n\u00bb image=\u00bbhttps:\/\/grupothera.com\/wp-content\/uploads\/2023\/09\/Unidades-de-verificacion.jpg\u00bb _builder_version=\u00bb4.22.2&#8243; _module_preset=\u00bbdefault\u00bb theme_builder_area=\u00bbpost_content\u00bb title_text=\u00bbUnidades de verificaci\u00f3n\u00bb header_level=\u00bbh2&#8243; header_font=\u00bbAbel|700|||||||\u00bb hover_enabled=\u00bb0&#8243; sticky_enabled=\u00bb0&#8243; header_text_align=\u00bbcenter\u00bb]<\/p>\n<p><span style=\"vertical-align: inherit;\"><span style=\"vertical-align: inherit;\">Presentamos nuestros excepcionales servicios de Unidades de Verificaci\u00f3n Vehicular en Grupo Thera. Nuestro equipo de expertos se especializa en calibrar equipos de monitoreo de emisiones de veh\u00edculos, monitorear la calidad del aire y garantizar la seguridad. Conf\u00ede en nosotros para realizar an\u00e1lisis integrales, identificar \u00e1reas de mejora y proponer estrategias personalizadas para el desarrollo sostenible. Para servicios de verificaci\u00f3n confiables y eficientes, comun\u00edquese con Grupo Thera hoy.<\/span><\/span><\/p>\n<p>[\/et_pb_blurb][\/et_pb_column][et_pb_column _builder_version=\u00bb4.22.2&#8243; _module_preset=\u00bbdefault\u00bb type=\u00bb1_3&#8243; theme_builder_area=\u00bbpost_content\u00bb][et_pb_blurb title=\u00bbM\u00e1quinas seguras \u00bb image=\u00bbhttps:\/\/grupothera.com\/wp-content\/uploads\/2023\/09\/maquinas-seguras.jpg\u00bb _builder_version=\u00bb4.22.2&#8243; _module_preset=\u00bbdefault\u00bb theme_builder_area=\u00bbpost_content\u00bb hover_enabled=\u00bb0&#8243; sticky_enabled=\u00bb0&#8243; title_text=\u00bbmaquinas seguras\u00bb header_level=\u00bbh2&#8243; header_font=\u00bbAbel|700|||||||\u00bb header_text_align=\u00bbcenter\u00bb]Descubre las m\u00e1quinas seguras y confiables que Grupo Thera tiene para ofrecerte. Nuestro compromiso con la seguridad de tus operaciones es primordial. Conf\u00eda en nuestro equipo de expertos y encuentra soluciones innovadoras que garantizar\u00e1n el \u00e9xito de tu industria. Cont\u00e1ctanos hoy mismo y descubre c\u00f3mo nuestras m\u00e1quinas seguras pueden optimizar tus procesos y proteger a tu personal. Grupo Thera, tu aliado en el desarrollo sostenible.[\/et_pb_blurb][\/et_pb_column][et_pb_column _builder_version=\u00bb4.22.2&#8243; _module_preset=\u00bbdefault\u00bb type=\u00bb1_3&#8243; theme_builder_area=\u00bbpost_content\u00bb][et_pb_blurb title=\u00bbOrganismo de certificaci\u00f3n\u00bb image=\u00bbhttps:\/\/grupothera.com\/wp-content\/uploads\/2023\/09\/Organismo-de-certificacion.jpg\u00bb _builder_version=\u00bb4.22.2&#8243; _module_preset=\u00bbdefault\u00bb theme_builder_area=\u00bbpost_content\u00bb title_text=\u00bbOrganismo de certificaci\u00f3n\u00bb header_font=\u00bbAbel|700|||||||\u00bb header_level=\u00bbh2&#8243; header_text_align=\u00bbcenter\u00bb hover_enabled=\u00bb0&#8243; sticky_enabled=\u00bb0&#8243;]<\/p>\n<p>Como respetado organismo de certificaci\u00f3n, Grupo Thera ofrece soluciones innovadoras para la industria. Comprometidos con el desarrollo sostenible, nuestro equipo de expertos brinda servicios confiables y eficientes que optimizan el consumo de energ\u00eda, garantizan la seguridad y protegen el medio ambiente. Conf\u00ede en nuestra experiencia excepcional para realizar an\u00e1lisis integrales, identificar \u00e1reas de mejora y proponer estrategias personalizadas. Para servicios de certificaci\u00f3n confiables y efectivos, comun\u00edquese con Grupo Thera hoy.<\/p>\n<p>[\/et_pb_blurb][\/et_pb_column][\/et_pb_row][\/et_pb_section]<\/p>\n","protected":false},"excerpt":{"rendered":"<p>\u2022 An\u00e1lisis de emisiones a la atm\u00f3sfera\u2022 An\u00e1lisis de agua residual\u2022 An\u00e1lisis de ambiente laboral\u2022Calibraci\u00f3n de equipo de monitoreo emisiones vehiculares\u2022Calibraci\u00f3n de equipos de monitoreo de calidad del aire\u2022Calibraci\u00f3n de equipos de seguridad industrial\u2022Monitoreo por \u00e1rea\u2022Monitoreo personalEn Grupo Thera, entendemos la importancia de los estudios de eficiencia energ\u00e9tica para el desarrollo sostenible de tu industria. [&hellip;]<\/p>\n","protected":false},"author":1,"featured_media":0,"parent":0,"menu_order":0,"comment_status":"closed","ping_status":"closed","template":"","meta":{"_et_pb_use_builder":"on","_et_pb_old_content":"<!-- wp:divi\/placeholder \/-->","_et_gb_content_width":"","footnotes":""},"class_list":["post-68","page","type-page","status-publish","hentry"],"aioseo_notices":[],"_links":{"self":[{"href":"https:\/\/grupothera.com\/index.php\/wp-json\/wp\/v2\/pages\/68","targetHints":{"allow":["GET"]}}],"collection":[{"href":"https:\/\/grupothera.com\/index.php\/wp-json\/wp\/v2\/pages"}],"about":[{"href":"https:\/\/grupothera.com\/index.php\/wp-json\/wp\/v2\/types\/page"}],"author":[{"embeddable":true,"href":"https:\/\/grupothera.com\/index.php\/wp-json\/wp\/v2\/users\/1"}],"replies":[{"embeddable":true,"href":"https:\/\/grupothera.com\/index.php\/wp-json\/wp\/v2\/comments?post=68"}],"version-history":[{"count":3,"href":"https:\/\/grupothera.com\/index.php\/wp-json\/wp\/v2\/pages\/68\/revisions"}],"predecessor-version":[{"id":144,"href":"https:\/\/grupothera.com\/index.php\/wp-json\/wp\/v2\/pages\/68\/revisions\/144"}],"wp:attachment":[{"href":"https:\/\/grupothera.com\/index.php\/wp-json\/wp\/v2\/media?parent=68"}],"curies":[{"name":"wp","href":"https:\/\/api.w.org\/{rel}","templated":true}]}}